e of y**4/4 + 13*y**3/3 + 3*y**2/2 + 3*y - 9. Let z be u(-12). Let q = z + -34. What are the prime factors of q?
7, 11
Let i(d) = d**3 - 5*d**2 - 3*d - 8. Suppose 5*f = -2*g + 20, -2*g - 15 = g. Let o be i(f). What are the prime factors of (-17262)/(-105) - 4/o?
2, 41
Let b(d) be the second derivative of 17*d**3/2 - 113*d**2/2 - 90*d. List the prime factors of b(30).
13, 109
Suppose 0 = 9*k - 29841 + 5622. Suppose y - 5*b - 912 = 436, -2*y + k = -5*b. What are the prime factors of y?
17, 79
Let i = -1655 - -4659. What are the prime factors of i?
2, 751
Suppose -21 = -9*r + 2*r. Suppose -2*q = -3*w + 105, -5*q + 54 = -r*w + 159. Let s = 133 - w. List the prime factors of s.
2, 7
Suppose -3*u = l - 42, -l + 2*l + 5*u - 46 = 0. Suppose x + 4*i - 1 = 0, -12*x + 16*x + i + 71 = 0. Let q = x + l. List the prime factors of q.
17
Let z(x) = -2901*x - 7117. List the prime factors of z(-4).
7, 641
Suppose -7*v = -v - 30. Suppose v*h - 128 = 2. What are the prime factors of h?
2, 13
Let l be (2 + (-35)/15)*0. Let m be -1*(l - 4) + 0 + -4. Suppose m = 56*n - 60*n + 52. What are the prime factors of n?
13
Let c(t) = 804*t**2 + 288*t + 16. List the prime factors of c(5).
2, 17, 317
List the prime factors of (16/(-3))/((-122)/152256).
2, 13
Let c be 0 - (-11 + -24 + 0/(-1)). What are the prime factors of 3746*3/10 - (-7)/c?
2, 281
Suppose -y + 5*v - v = -3602, 0 = 3*y - v - 10773. Suppose 0 = -145*q + 135*q + y. What are the prime factors of q?
359
Let c = 12490 - 3444. List the prime factors of c.
2, 4523
Suppose -35*r = -30*r - 5015. Let n = r + -251. List the prime factors of n.
2, 47
Let n(x) be the third derivative of 161*x**6/30 + x**5/20 + x**4/12 - 2*x**3/3 + 70*x**2. What are the prime factors of n(1)?
3, 5, 43
Suppose 5*a + 2819 - 69049 = -5*o, -2*o + 5*a + 26443 = 0. What are the prime factors of o?
3, 1471
Let r be ((-64)/(-96))/(1/6). Suppose -3*p = p + c - 1290, r*p + 2*c = 1292. What are the prime factors of p?
2, 7, 23
Let u = -2266 + 2264. Let m = -36 + 70. List the prime factors of 1*(u - 1) + m.
31
Suppose -26 = 48*q - 50*q. Suppose q*s = 14*s - 33. List the prime factors of s.
3, 11
Suppose 303 = 3*d - 414. Let g = d + 479. Suppose 8*z = g + 754. List the prime factors of z.
2, 23
Suppose 4*j + 23 + 12 = 5*k, 4*k - 4*j = 32. Suppose -1679 = -w - 3*d - d, 5*w - 8372 = k*d. List the prime factors of w.
5, 67
Let g(p) be the first derivative of p**4/4 - 17*p**3/3 + 3*p**2 + 16*p + 98. Let x be (-12)/(-8) - (-62)/4. What are the prime factors of g(x)?
2, 59
Let l be (-1981)/(-35) - (-9)/(-15). What are the prime factors of 4*63/l*(105 - -1)?
3, 53
Let o(z) = -31*z + 21. Let v(b) = 124*b - 87. Let a(u) = -18*o(u) - 4*v(u). List the prime factors of a(9).
2, 3, 11
Suppose 4*l - 18*l - 30394 = 0. Let f = -1454 - l. What are the prime factors of f?
3, 239
Suppose -28*b = -2*b - 0*b - 123344. What are the prime factors of b?
2, 593
Let t(f) = -1006 + 2032 - 996 + 2*f**3 - 12*f - 6*f**2. What are the prime factors of t(6)?
2, 3, 29
Let g(h) = h - 29 + 4*h**2 + 0*h**2 - 2*h**2. Let m be g(13). Suppose -m = -8*u - 18. What are the prime factors of u?
2, 19
Let i = 7 - -70. Let z be i - (-3 + 3)/4. List the prime factors of -2 + (3 - (3 + -5)) + z.
2, 5
Let l = 362 - 5. Suppose -l = -s - 2*h + 439, 0 = -5*h + 25. What are the prime factors of s?
2, 3, 131
Let n = -337 + 341. Suppose -n*o = -5*m + 2783, 4*m = -4*o + 2525 - 277. List the prime factors of m.
13, 43
Suppose 4 = -4*j + 3*j, -j = -4*w + 72. Suppose -15 = -8*z + w. Suppose -q + 525 = z*b, q = 2*b - 2*q - 259. What are the prime factors of b?
131
Suppose -3*d - 6 = 0, 0 = 4*h - 0*h - d + 18. List the prime factors of -9*(-2 - (-535)/h).
3, 109
Suppose -38482*a + 38485*a = 3912. What are the prime factors of a?
2, 163
Let o(h) = -2*h - 31. Let f be 8/(-3)*(-165)/(-22). Let p be o(f). Suppose -5*l - 164 = -p*l. What are the prime factors of l?
41
Let p(o) = 47*o**2 + 341*o + 20. List the prime factors of p(-13).
2, 5, 353
Suppose 0 = -395*o + 22739958 - 2628928. List the prime factors of o.
2, 25457
Let w = -372 + 373. Let i(k) = 742*k**3 + 8*k**2 - 10*k + 2. What are the prime factors of i(w)?
2, 7, 53
Suppose 0*s - 826294 = -17*s - 22704. What are the prime factors of s?
2, 5, 29, 163
Let h = 151 - 365. Let m = h + 467. Suppose -m - 162 = -5*u. What are the prime factors of u?
83
Suppose 0*h + 3*h - 5*d = 10, -5*h + d + 46 = 0. Suppose 24 = h*m + 4. Suppose -79 = -m*s + 299. What are the prime factors of s?
3, 7
Suppose 2*z = 3*i - 17811, z - 1554 + 31232 = 5*i. List the prime factors of i.
5, 1187
Let r(z) = -z**3 + z**2 - z. Let m(t) = -4*t**3 - 15*t**2 - 14*t + 1. Let o(x) = -m(x) + 5*r(x). List the prime factors of o(20).
179
Suppose -l = -3*k + 27, 3*l + 46 = -k + 3*k. List the prime factors of -1 + -4 + (-1 - l - -866).
2, 109
Let v(s) = s**3 + 5*s**2 - 12*s - 1. Let b(t) = t**2 - 3*t - 15. Let y be b(-3). Suppose -15 = -3*k - j + 3, -y*k + j = -12. What are the prime factors of v(k)?
3, 7
Suppose -y + 232 - 60 = 0. List the prime factors of (y/10)/((-32)/(-80)).
43
Let p(s) = -15*s**3 - 31*s**2 - 218*s - 31. List the prime factors of p(-13).
3, 3391
Let g be -7 + 215 - (-1 + 4). What are the prime factors of 2*3/10 - (-46412)/g?
227
Let r(o) = -o**2 + 4*o + 28. Let m be r(6). Let d be 6/4 + (-88)/m + -10. What are the prime factors of (-33)/77 - (678/d - 1)?
7
Suppose -6*h = -5*h - 54. Let q be 24/(-42) + h/21. Suppose w - 21 = -2*g, 0 = 2*g + q*w + w - 11. What are the prime factors of g?
13
Let j(q) = 5*q**2 - 13*q - 1140. List the prime factors of j(-40).
2, 3, 5, 41
Suppose 0 = -3*t + 29 - 50. What are the prime factors of -1*(t + -358 - -6)?
359
Let n(d) = 2*d**2 - 3*d - 2. Let k be n(-1). Suppose -a = 3*v - 1097, 0*v - 2*v = -k*a - 713. List the prime factors of v.
2, 7, 13
Let l = 23372 + 13922. What are the prime factors of l?
2, 29, 643
Suppose -2*l - 28 = 5*l. Let g be 537*8/60 - l/10. Suppose -228 = -3*z - k - 16, z - g = k. What are the prime factors of z?
71
List the prime factors of ((-1)/((-3)/(-48051)))/(2/(-10)).
3, 5, 19, 281
Let o(z) = 5*z**2 + 16*z + 45. Let y(c) = -c**2 + c - 1. Suppose 0 = p + 2, 3*s - 4 = 2*p + 3. Let b(n) = s*o(n) + 4*y(n). List the prime factors of b(-27).
2, 5, 23
Let t(d) = d**2 + 6*d - 4. Suppose -12 = 2*p + 20. Let x = -28 - p. List the prime factors of t(x).
2, 17
What are the prime factors of 16 - (-12926 - (-102)/(-17))?
2, 3, 13, 83
Let b(y) = y. Let u be b(2). Suppose 3*p + 4 - 21 = h, 2*p = -u*h + 22. Suppose 5*j - p*j + 40 = 0. List the prime factors of j.
2, 5
Let w = 439 - 392. Let z(v) = 9*v + 97. List the prime factors of z(w).
2, 5, 13
Let m(l) = 17*l**2 + 34*l + 445. What are the prime factors of m(-23)?
2, 541
Suppose -2*o - 7*o = 1422. Let u = o + 312. What are the prime factors of u?
2, 7, 11
Suppose 5*h - 3*t + 262 = 0, 4*h - 4*t + 266 = -h. Suppose 0 = -6*c + 6 - 7 - 107. Let g = c - h. What are the prime factors of g?
2
Let x(c) = -c**3 + 12*c**2 + 15*c - 21. Let u be x(13). Suppose 45 = 5*m - 3*h - 12, u = 5*h. List the prime factors of (-5 + 1 + 1)*(-224)/m.
2, 7
What are the prime factors of (-44)/(-11)*(1707/6)/1?
2, 569
Let t be 3/1 + 0/2. Suppose -8 = -a - t. What are the prime factors of (-1 - a)*10/(-3)?
2, 5
Suppose 0 = -t - 2*l - 1, 4 + 16 = -5*l. Suppose -8*q - 2 = -t*q, 4*c - 126 = -5*q. What are the prime factors of c?
2, 17
Suppose 0 = -232*q + 234*q + 3018. Let n = -871 - q. What are the prime factors of n?
2, 11, 29
Let y = -156 + 52. Let f = 251 + y. What are the prime factors of f?
3, 7
Suppose -4*j - 29119 = -2*a - 143595, -5*a = -5*j + 143100. List the prime factors of j.
2, 41, 349
Let p(n) = 1 - 11*n + 4 + n**2 + 0 + 3. List the prime factors of p(-10).
2, 109
Suppose 12*b + 847 = 23*b. Let h = -10 - -14. Suppose -h*z + 65 + 283 = -2*o, 0 = z - 3*o - b. List the prime factors of z.
89
Suppose -38*j - 2*q = -37*j - 5553, -3*q = j - 5556. What are the prime factors of j?
3, 43
Suppose -b - 2*p + 507 = 187, 4*p - 954 = -3*b. Suppose 674 = 3*w + 2*d, 582 + b = 4*w + 4*d. List the prime factors of w.
2, 113
Let j be ((-3 - -2)*3)/(2/(-8)). Suppose -5*z + 9607 = 9*l - j*l, -3*z + 5*l + 5777 = 0. List the prime factors of z.
19, 101
Let g = -339 - -345. Suppose 0 = -g*a + 2181 + 2055. What are the prim